82840
Convert -d169 (base 15) to base 11.
-30231
Convert -3165b6 (base 12) to base 13.
-213435
12120432 (base 5) to base 13
3caa0
-100931a (base 11) to base 5
-424041144
What is -718764 (base 10) in base 4?
-2233132230
Convert 1541105 (base 6) to base 13.
32543
Convert a9454 (base 16) to base 5.
134141312
What is 5048062 (base 9) in base 4?
22100210321
Convert 13a101 (base 16) to base 7.
13635304
What is 1618a8d (base 14) in base 8?
51212565
1567b92 (base 12) to base 7
52062500
What is -1003323203012 (base 4) in base 10?
-17807558
What is -1313230210 (base 4) in base 16?
-77b24
Convert 30cae (base 15) to base 8.
456163
What is 11010101101101001000 (base 2) in base 12?
362688
Convert -1101020121211 (base 3) to base 2.
-10110010111110101011
Convert 1143413302 (base 5) to base 10.
2716702
-338a54 (base 11) to base 13
-15b440
What is 1111001100110110001001 (base 2) in base 10?
3984777
Convert -3eeb6 (base 15) to base 8.
-613316
1010000000101010001100 (base 2) to base 11
1532612
10100111000111111110 (base 2) to base 7
5550515
-3202610 (base 7) to base 2
-1011110100111011100
What is -49634 (base 13) in base 14?
-37322
21523545 (base 7) to base 6
103431223
-1ab719 (base 14) to base 5
-221003223
122222121011 (base 3) to base 2
1010110011011010001
What is -338a5 (base 11) in base 8?
-137547
Convert 3664613 (base 9) to base 3.
10202011200110
401314010 (base 5) to base 7
16334401
-1691212 (base 14) to base 16
-a97460
-111344314 (base 5) to base 7
-4136332
What is -89c8a4 (base 14) in base 15?
-627836
Convert 2274842 (base 9) to base 4.
10230122231
Convert 101100001111001001 (base 2) to base 4.
230033021
What is 5324555 (base 7) in base 4?
2131200011
-101022020220 (base 3) to base 14
-53cd2
-3726c (base 14) to base 13
-49564
102021021021110 (base 3) to base 5
3013121221
What is 120100122000 (base 3) in base 15?
5e860
What is 4c218d (base 15) in base 7?
43020355
-467b3 (base 12) to base 7
-542244
What is 22003033 (base 5) in base 2?
101101110111110101
42538 (base 9) to base 16
6dee
-803a84 (base 12) to base 8
-7475104
Convert 42d70 (base 16) to base 5.
32230101
Convert 1231733 (base 9) to base 8.
2435524
Convert 40343646 (base 7) to base 11.
1992094
Convert 164c8a (base 16) to base 8.
5446212
Convert 508299 (base 10) to base 8.
1740613
-a913d0 (base 15) to base 4
-132232031310
-6367701 (base 8) to base 3
-10012100122201
-82726 (base 15) to base 2
-1100100111010110001
What is 5560234 (base 9) in base 11?
1763a39
What is -386182 (base 9) in base 14?
-614a0
What is 10111110111110111011 (base 2) in base 8?
2767673
-459e2 (base 15) to base 12
-a82b8
What is 151002 (base 13) in base 6?
15022133
Convert 101122202111 (base 3) to base 8.
631560
What is 1012222012222 (base 3) in base 7?
5342021
-1020220000200 (base 3) to base 5
-132321203
What is fac27 (base 16) in base 3?
1221011221011
108cc6 (base 16) to base 2
100001000110011000110
Convert 10333123221 (base 4) to base 16.
13f6e9
Convert -3a0a6 (base 13) to base 3.
-12110212012
What is 5343453 (base 6) in base 12?
107b89
-1532013 (base 8) to base 16
-6b40b
Convert -213123523 (base 6) to base 2.
-1110011101011000001011
What is 256481 (base 9) in base 5?
14440144
Convert -2887c1 (base 13) to base 7.
-11262161
What is -18833 (base 10) in base 11?
-13171
What is 2a71c3 (base 13) in base 8?
3766677
32549 (base 12) to base 15
14a46
What is -3475d (base 15) in base 13?
-5b051
Convert -21c04 (base 14) to base 4.
-110000030
What is 1110000111110110111 (base 2) in base 6?
13530251
Convert -1683ca5 (base 13) to base 7.
-115656630
390293 (base 13) to base 5
322341021
What is 1168504 (base 9) in base 4?
2123103001
14001040 (base 5) to base 6
3003414
a6616 (base 16) to base 14
13a502
What is -141dcb (base 16) in base 5?
-314141342
Convert -45c1a0 (base 13) to base 2.
-110010011111101110000
What is -828119 (base 14) in base 5?
-2111322340
Convert -10bd6d (base 15) to base 2.
-11000011001100101000
Convert 47391 (base 11) to base 13.
25153
Convert -795256 (base 10) to base 3.
-1111101212221
Convert 1a4c25 (base 13) to base 7.
5450536
-102117 (base 11) to base 2
-101000000000001100
What is -334a4 (base 11) in base 12?
-240aa
What is -6b56a (base 16) in base 11?
-28035a
6a97d0 (base 16) to base 14
cdbb32
Convert -2328878 (base 11) to base 7.
-46366616
Convert 20220122101 (base 3) to base 6.
2525531
What is 120100333312 (base 4) in base 15?
859b6d
Convert 14b52 (base 15) to base 13.
24470
What is -2444203 (base 7) in base 3?
-120221011221
-2101102021101 (base 3) to base 7
-13530406
Convert 102020212012102 (base 3) to base 6.
332105102
What is -111100001110111001 (base 2) in base 15?
-4d178
201012120012102 (base 3) to base 8
46737233
Convert 56040 (base 8) to base 14.
8848
What is 79165 (base 10) in base 13?
2a058
Convert 5348240 (base 9) to base 13.
794a39
Convert 1d3e9 (base 16) to base 7.
1006141
Convert -4041061 (base 7) to base 11.
-2a9087
What is -cb797b (base 16) in base 13?
-29bb7a1
What is c3f6f (base 16) in base 5?
201141141
What is 6604b0 (base 15) in base 2?
10010100010110010001001
2614214 (base 7) to base 5
41340042
-3354756 (base 9) to base 13
-4b3b13
-1020102002 (base 3) to base 12
-12118
11001100000110100100 (base 2) to base 12
343970
What is 183464 (base 11) in base 3?
112100211100
Convert -57d911 (base 15) to base 16.
-400b2e
What is -420411 (base 9) in base 6?
-5203444
Convert 435450504 (base 6) to base 11.
4468314
What is 2045176 (base 8) in base 14?
102034
Convert 43a14 (base 14) to base 7.
1251524
-1312697 (base 11) to base 6
-120414241
-20210302301 (base 4) to base 8
-10446261
What is -1254247 (base 8) in base 6?
-11302035
10100112002002 (base 3) to base 15
252dc2
Convert -37230 (base 8) to base 9.
-23874
Convert 11000110111101001010101 (base 2) to base 13.
147352b
-40c62 (base 16) to base 11
-171375
Convert 5764762 (base 8) to base 6.
53331350
-5653c (base 13) to base 10
-156883
What is -3cc94 (base 15) in base 9?
-326704
-31665650 (base 8) to base 5
-3213342033
Convert 1174543 (base 8) to base 14.
86b2b
-4724580 (base 9) to base 12
-a32b46
What is 2052234 (base 7) in base 9?
417310
-1100100111000011101 (base 2) to base 3
-202222211012
171229 (base 15) to base 3
2002210002010
What is -11500840 (base 10) in base 9?
-23568161
Convert -3002302 (base 5) to base 10.
-47202
-24220144 (base 5) to base 14
-5c683
What is -a71c0 (base 13) in base 9?
-508283
Convert -1bfa2d (base 16) to base 15.
-2633e7
What is 1145162 (base 8) in base 7?
2445236
Convert -2210111220012 (base 3) to base 15.
-1e5605
Convert -1ac7392 (base 13) to base 2.
-100001111100011110101100
Convert 6c2339 (base 14) to base 15.
4ce80d
What is -64374 (base 13) in base 8?
-541024
What is 1b0412 (base 13) in base 9?
1255204
Convert -7698 (base 12) to base 4.
-3030110
Convert -1ba2c (base 14) to base 4.
-101033020
-10111100101111110100 (base 2) to base 9
-1407448
What is 10122521 (base 6) in base 14?
78049
37855 (base 10) to base 15
b33a
What is -11420154 (base 6) in base 8?
-1277646
-20021020100000 (base 3) to base 13
-8c8242
Convert 10110010110101 (base 2) to base 11.
8665
What is 2327043 (base 9) in base 7?
13460331
Convert 13241003210 (base 5) to base 15.
17086da
Convert -92610 (base 15) to base 6.
-13534540
38a2611 (base 11) to base 14
c7ad81
Convert 140045 (base 8) to base 4.
30000211
Convert 14caa (base 14) to base 2.
1100101010110110
What is -135105512 (base 6) in base 5?
-1201333443
What is 133023331 (base 4) in base 16?
1f2fd
What is -76988 (base 11) in base 9?
-180144
-2420613 (base 8) to base 12
-28028b
Convert -1737611 (base 13) to base 4.
-130231320032
-3a5ca (base 13) to base 9
-175047
Convert 54292 (base 11) to base 8.
232030
What is 470047 (base 8) in base 6?
3231423
What is -216062 (base 10) in base 9?
-358338
What is -bb119 (base 12) in base 14?
-66181
Convert -120100210220 (base 3) to base 15.
-5e8ec
Convert 11100000133 (base 4) to base 13.
392593
Convert -4424322 (base 5) to base 13.
-28c87
What is 3000300212 (base 4) in base 8?
3006046
-1d6b525 (base 14) to base 13
-30a7904
Convert 19d4aa (base 14) to base 7.
10551503
-1340120022 (base 5) to base 3
-20110212101022
Convert 2433110104 (base 5) to base 9.
11738627
4da7 (base 14) to base 6
143143
45063 (base 10) to base 8
130007
Convert -1151213 (base 6) to base 11.
-41a95
What is a67